e highest common factor of 176 and 8624?
176
Calculate the highest common factor of 150 and 350.
50
What is the greatest common divisor of 24 and 52?
4
What is the highest common factor of 3138 and 54?
6
Calculate the highest common factor of 253 and 23.
23
Calculate the greatest common factor of 8292 and 84.
12
Calculate the highest common factor of 206 and 3811.
103
What is the greatest common factor of 21 and 15?
3
What is the greatest common factor of 5316 and 18?
6
Calculate the greatest common divisor of 1120 and 56.
56
What is the highest common divisor of 135 and 297?
27
What is the highest common divisor of 62 and 25544?
62
Calculate the highest common factor of 455 and 35.
35
What is the highest common factor of 15 and 1428?
3
What is the greatest common factor of 84 and 276?
12
Calculate the highest common divisor of 54 and 3546.
18
What is the highest common divisor of 104 and 52?
52
What is the highest common factor of 570 and 1026?
114
What is the highest common factor of 234 and 494?
26
Calculate the greatest common divisor of 8 and 136.
8
What is the highest common divisor of 261 and 145?
29
Calculate the highest common divisor of 702 and 182.
26
Calculate the greatest common divisor of 2104 and 88.
8
Calculate the greatest common factor of 14852 and 188.
188
What is the highest common factor of 343 and 21?
7
Calculate the highest common factor of 11970 and 15.
15
Calculate the highest common factor of 1315 and 5.
5
What is the greatest common divisor of 6 and 48?
6
Calculate the greatest common factor of 14 and 1246.
14
Calculate the highest common factor of 649 and 59.
59
Calculate the highest common factor of 43 and 1.
1
What is the highest common factor of 304 and 7448?
152
Calculate the greatest common divisor of 693 and 3069.
99
What is the greatest common divisor of 5226 and 78?
78
Calculate the greatest common factor of 52 and 19864.
52
Calculate the greatest common divisor of 300 and 4275.
75
Calculate the highest common factor of 54 and 207.
9
What is the highest common factor of 35 and 80?
5
Calculate the greatest common factor of 1675 and 134.
67
What is the greatest common divisor of 24 and 216?
24
What is the greatest common factor of 459 and 17?
17
What is the highest common divisor of 1727 and 11?
11
Calculate the greatest common divisor of 6170 and 40.
10
Calculate the highest common divisor of 230 and 30.
10
What is the highest common divisor of 11466 and 780?
78
Calculate the highest common factor of 579 and 3.
3
What is the greatest common factor of 8 and 404?
4
Calculate the highest common divisor of 608 and 928.
32
Calculate the greatest common factor of 34 and 510.
34
What is the highest common divisor of 6504 and 24?
24
What is the highest common factor of 4 and 68?
4
Calculate the greatest common factor of 4313 and 19.
19
Calculate the greatest common divisor of 66 and 38148.
66
Calculate the highest common divisor of 3516 and 24.
12
Calculate the highest common factor of 2280 and 192.
24
Calculate the greatest common factor of 8 and 216.
8
Calculate the greatest common factor of 195 and 525.
15
What is the highest common divisor of 230 and 368?
46
What is the highest common divisor of 588 and 924?
84
What is the highest common factor of 5 and 2460?
5
What is the greatest common factor of 7350 and 150?
150
What is the greatest common divisor of 232 and 8?
8
Calculate the greatest common factor of 8684 and 52.
52
Calculate the greatest common factor of 4392 and 18.
18
What is the greatest common factor of 9414 and 18?
18
What is the highest common divisor of 378 and 70?
14
What is the greatest common divisor of 3720 and 24?
24
Calculate the highest common factor of 70 and 630.
70
What is the greatest common factor of 27 and 6183?
27
What is the highest common factor of 405 and 15?
15
Calculate the highest common divisor of 41 and 287.
41
Calculate the highest common divisor of 2 and 828.
2
Calculate the greatest common divisor of 522 and 870.
174
Calculate the highest common factor of 2106 and 66.
6
Calculate the highest common divisor of 946 and 172.
86
What is the greatest common divisor of 261 and 99?
9
Calculate the highest common factor of 50 and 120.
10
What is the highest common factor of 24 and 224?
8
Calculate the highest common divisor of 14 and 182.
14
Calculate the greatest common factor of 221 and 13.
13
Calculate the highest common divisor of 3475 and 278.
139
What is the greatest common factor of 24 and 2352?
24
Calculate the highest common factor of 46 and 207.
23
What is the highest common factor of 33 and 4972?
11
Calculate the greatest common divisor of 5 and 44.
1
What is the greatest common divisor of 5481 and 435?
87
What is the greatest common factor of 18 and 1818?
18
Calculate the greatest common factor of 9 and 7038.
9
Calculate the greatest common factor of 222 and 2109.
111
What is the greatest common divisor of 1056 and 2016?
96
What is the greatest common factor of 72 and 666?
18
Calculate the greatest common divisor of 20 and 25.
5
What is the greatest common divisor of 125 and 15?
5
What is the highest common divisor of 44 and 50732?
44
Calculate the highest common factor of 57 and 589.
19
Calculate the greatest common factor of 76 and 11.
1
Calculate the highest common factor of 1432 and 16.
8
Calculate the highest common divisor of 102 and 2958.
102
What is the highest common divisor of 175 and 42175?
175
What is the greatest common factor of 106 and 583?
53
What is the greatest common divisor of 63 and 9135?
63
What is the greatest common divisor of 1991 and 11?
11
What is the highest common factor of 276 and 12?
12
What is the greatest common divisor of 10 and 262?
2
What is the greatest common divisor of 476 and 2688?
28
Calculate the highest common divisor of 3147 and 9.
3
What is the highest common divisor of 805 and 35?
35
What is the highest common factor of 3 and 6?
3
Calculate the highest common factor of 477 and 18.
9
Calculate the highest common divisor of 840 and 105.
105
What is the greatest common factor of 9 and 79?
1
Calculate the highest common factor of 1440 and 45.
45
Calculate the highest common divisor of 4115 and 5.
5
What is the greatest common factor of 22834 and 98?
98
Calculate the highest common factor of 2 and 167.
1
Calculate the greatest common factor of 2054 and 26.
26
Calculate the greatest common factor of 7 and 217.
7
What is the highest common divisor of 430 and 90?
10
Calculate the greatest common factor of 186 and 155.
31
What is the highest common factor of 703 and 76?
19
Calculate the highest common divisor of 268 and 6.
2
Calculate the highest common factor of 57 and 304.
19
Calculate the greatest common factor of 5332 and 620.
124
Calculate the highest common divisor of 259 and 407.
37
What is the highest common divisor of 216 and 360?
72
Calculate the greatest common factor of 36 and 2928.
12
Calculate the greatest common divisor of 55 and 99.
11
What is the greatest common factor of 3232 and 32?
32
What is the highest common factor of 4738 and 92?
46
Calculate the highest common divisor of 60 and 336.
12
Calculate the highest common factor of 109 and 30629.
109
Calculate the greatest common divisor of 187 and 850.
17
What is the highest common factor of 138 and 102?
6
What is the highest common divisor of 8453 and 107?
107
Calculate the highest common divisor of 298 and 1.
1
Calculate the greatest common divisor of 264 and 1672.
88
Calculate the highest common divisor of 6 and 4452.
6
What is the greatest common divisor of 45 and 80?
5
Calculate the greatest common divisor of 105 and 10.
5
What is the greatest common factor of 32 and 176?
16
Calculate the greatest common divisor of 51 and 85.
17
What is the highest common factor of 78 and 32799?
39
What is the greatest common divisor of 9 and 279?
9
Calculate the highest common factor of 851 and 23.
23
Calculate the highest common divisor of 62 and 8.
2
Calculate the highest common factor of 57 and 1406.
19
What is the greatest common factor of 448 and 112?
112
What is the highest common divisor of 714 and 448?
14
Calculate the greatest common divisor of 1 and 27.
1
What is the greatest common divisor of 96 and 160?
32
Calculate the greatest common factor of 17 and 425.
17
